{"id":3499,"date":"2012-07-20T10:36:51","date_gmt":"2012-07-20T08:36:51","guid":{"rendered":"http:\/\/blogs.sub.uni-hamburg.de\/webis\/?page_id=3499"},"modified":"2012-10-24T17:57:00","modified_gmt":"2012-10-24T15:57:00","slug":"vifa-workshop-der-ag-ssg-am-26-und-27-november-in-hannover","status":"publish","type":"page","link":"https:\/\/blogs.sub.uni-hamburg.de\/webis\/vifa-workshop-der-ag-ssg-am-26-und-27-november-in-hannover\/","title":{"rendered":"ViFa-Workshop der AG SSG und der DFG am 26. und 27. November in Hannover"},"content":{"rendered":"<p style=\"text-align: center;\">Workshop der AG SSG und der DFG<\/p>\n<blockquote>\n<p style=\"text-align: center;\"><strong>&#8222;Zukunft und (Neu)Definition der Virtuellen Fachbibliotheken:<\/strong><br \/>\n<strong>\u00a0\u00a0\u00a0\u00a0\u00a0\u00a0 Fachspezifischer One-Stop-Shop oder &#8230;. ?&#8220;<\/strong><\/p>\n<p style=\"text-align: center;\">26. und 27. November 2012 in der TIB Hannover<\/p>\n<p style=\"text-align: center;\">Technische Informationsbibliothek, Welfengarten 1B, 30167 Hannover (<a href=\"http:\/\/www.tib-hannover.de\/de\/die-tib\/lageplan\/\">Anreise\/Lageplan<\/a>)<\/p>\n<\/blockquote>\n<p><strong>Programm <\/strong>(<a title=\"Programm ViFa-Workshop als PDF-Datei zum Ausdrucken\" href=\"https:\/\/blogs.sub.uni-hamburg.de\/webis\/wp-content\/uploads\/2012\/10\/vifa-workshop-programm.pdf\">hier auch als PDF<\/a>)<strong><br \/>\n<\/strong><\/p>\n<p>Das Ziel dieses Workshops soll eine strategische (Neu-)Positionierung der VIFAs im Kontext der Umstrukturierung des SSG-Systems zu Fachinformationsdiensten sein. Die Kernfrage lautet, ob das Konzept der fachspezifischen integrierten Portall\u00f6sung dem Bedarf der Wissenschaftlerinnen und Wissenschaftler entspricht, gegen\u00fcber Suchmaschinen und anderen Anbietern eindeutige Wettbewerbsvorteile und Alleinstellungsmerkmale aufweist und \u2013 last but not least \u2013 inhaltlich und finanziell von den SSG-Bibliotheken geleistet werden kann. Im Fokus soll dabei die intensive Diskussion unter den Teilnehmern stehen, eingeleitet jeweils durch Impulsreferate.<\/p>\n<p><span style=\"text-decoration: underline;\"><em><strong>Montag, 26.11.<\/strong><\/em><\/span><\/p>\n<p><strong>12:00 Uhr Ankunft\/Registrierung<\/strong><\/p>\n<p><strong>12:45 Uhr Begr\u00fc\u00dfung\u00a0 \/ Organisatorisches<\/strong><\/p>\n<p style=\"padding-left: 30px;\">Dr. Christoph K\u00fcmmel, DFG sowie Uwe Rosemann\/Michael Hohlfeld, TIB Hannover<\/p>\n<p><strong>13:00 \u2013 15:00 Uhr 1. Session: Was wollen unsere Kunden, was k\u00f6nnen und wollen die VIFAs leisten?<\/strong><\/p>\n<p style=\"padding-left: 30px;\">Moderation: Michael Hohlfeld, TIB Hannover<\/p>\n<p style=\"padding-left: 30px;\">Impulsgeber: Dr. Christoph K\u00fcmmel \/ DFG, J\u00fcrgen Christof \/ SUB Hamburg, Ralf Depping \/<br \/>\nUSB K\u00f6ln, Prof. Dr. Gerhard Lauer, Mitglieder der Expertenkommission SSG-Evaluierung<br \/>\nund Gesch\u00e4ftsf\u00fchrender Direktor des G\u00f6ttingen Center of Digital Humanities<\/p>\n<p><strong>15:00 \u2013 16:00\u00a0 Pause mit viel Zeit zum informellen Austausch<\/strong><\/p>\n<p><strong>16:00 \u2013 18:00 Uhr 2. Session: Konzeptionell-organisatorische Perspektive<\/strong><\/p>\n<p style=\"padding-left: 30px;\">Moderation:\u00a0 Ralf Depping \/ USB K\u00f6ln<\/p>\n<p style=\"padding-left: 30px;\">Impulsgeber: Franz G\u00f6tz \/ BSB M\u00fcnchen und Stefan Rauhut \/ \u00a0UB Leipzig<\/p>\n<p><strong>Ab 19 Uhr gemeinsames Abendessen und Ausklang im Brauhaus Ernst-August<\/strong><br \/>\n(Schmiedestr. 13 \/ Hannover)\u00a0 <a href=\"http:\/\/www.brauhaus.net\/\">http:\/\/www.brauhaus.net\/<\/a>\u00a0 (Selbstzahler)<\/p>\n<p><span style=\"text-decoration: underline;\"><em><strong>Dienstag, 27.11.<\/strong><\/em><\/span><\/p>\n<p><strong>9:00 &#8211; 10:30 Uhr 3. Session: Technische Perspektive \/\u00a0 VIFA Module<\/strong><\/p>\n<p style=\"padding-left: 30px;\">Moderation: J\u00fcrgen Christof \/ SUB Hamburg<\/p>\n<p style=\"padding-left: 30px;\">Impulsgeber: Dr. Peter Kost\u00e4dt \/ USB K\u00f6ln, Maria Effinger \/ UB Heidelberg,<br \/>\nHans-J\u00f6rg Lieder \/ SB Berlin<\/p>\n<p><strong>10:30-11:00 Uhr Pause<\/strong><\/p>\n<p><strong>11:00 \u2013 12:00 Uhr Abschlussdiskussion<\/strong><\/p>\n<p style=\"padding-left: 30px;\">Moderation: Michael Hohlfeld \/ TIB Hannover<\/p>\n<p><strong>12:00 \u2013 13:00 Uhr Mittagssnack<\/strong><\/p>\n<p>Im Anschluss:<\/p>\n<p><strong>13:30 \u2013 16:00 Uhr Sitzung der AG SSG<\/strong><\/p>\n<p style=\"padding-left: 30px;\">Einladung und Tagesordnung zur Sitzung der AG SSG wurde seperat \u00fcber die Mailingliste der AG SSG verschickt.<\/p>\n<p>&nbsp;<\/p>\n<p><span style=\"color: #ff0000;\"><strong>Hinweis: die maximale Teilnehmerzahl f\u00fcr den Workshop ist schon erreicht, eine Anmeldung ist leider nicht mehr m\u00f6glich!<br \/>\n<\/strong><\/span>Bitte nehmen Sie <a href=\"mailto:michael.hohlfeld@tib.uni-hannover.de\">Kontakt zu Michael Hohlfeld<\/a> auf, wenn Sie Interesse am oder Fragen zum Workshop haben und auf die Warteliste aufgenommen werden m\u00f6chten.<\/p>\n<p><strong>Anmeldung zur AG SSG:<\/strong> Sofern Sie sich nicht schon im Rahmen der Workshop-Anmeldung auch zur Sitzung der AG SSG angemeldet haben, m\u00f6chten wir Sie bitten, sich zeitnah bei <a href=\"mailto:depping@ub.uni-koeln.de\">Herrn Depping<\/a> formlos zur AG SSG anzumelden. Danke.<\/p>\n","protected":false},"excerpt":{"rendered":"<p>Workshop der AG SSG und der DFG &#8222;Zukunft und (Neu)Definition der Virtuellen Fachbibliotheken: \u00a0\u00a0\u00a0\u00a0\u00a0\u00a0 Fachspezifischer One-Stop-Shop oder &#8230;. ?&#8220; 26. und 27. November 2012 in der TIB Hannover Technische Informationsbibliothek, Welfengarten 1B, 30167 Hannover (Anreise\/Lageplan) Programm (hier auch als PDF) Das Ziel dieses Workshops soll eine strategische (Neu-)Positionierung der VIFAs im Kontext der Umstrukturierung des&#8230;  <a href=\"https:\/\/blogs.sub.uni-hamburg.de\/webis\/vifa-workshop-der-ag-ssg-am-26-und-27-november-in-hannover\/\" title=\"Read ViFa-Workshop der AG SSG und der DFG am 26. und 27. November in Hannover\">Read more &raquo;<\/a><\/p>\n","protected":false},"author":4,"featured_media":0,"parent":0,"menu_order":0,"comment_status":"open","ping_status":"open","template":"","meta":{"footnotes":""},"class_list":["post-3499","page","type-page","status-publish","hentry"],"_links":{"self":[{"href":"https:\/\/blogs.sub.uni-hamburg.de\/webis\/wp-json\/wp\/v2\/pages\/3499","targetHints":{"allow":["GET"]}}],"collection":[{"href":"https:\/\/blogs.sub.uni-hamburg.de\/webis\/wp-json\/wp\/v2\/pages"}],"about":[{"href":"https:\/\/blogs.sub.uni-hamburg.de\/webis\/wp-json\/wp\/v2\/types\/page"}],"author":[{"embeddable":true,"href":"https:\/\/blogs.sub.uni-hamburg.de\/webis\/wp-json\/wp\/v2\/users\/4"}],"replies":[{"embeddable":true,"href":"https:\/\/blogs.sub.uni-hamburg.de\/webis\/wp-json\/wp\/v2\/comments?post=3499"}],"version-history":[{"count":29,"href":"https:\/\/blogs.sub.uni-hamburg.de\/webis\/wp-json\/wp\/v2\/pages\/3499\/revisions"}],"predecessor-version":[{"id":3508,"href":"https:\/\/blogs.sub.uni-hamburg.de\/webis\/wp-json\/wp\/v2\/pages\/3499\/revisions\/3508"}],"wp:attachment":[{"href":"https:\/\/blogs.sub.uni-hamburg.de\/webis\/wp-json\/wp\/v2\/media?parent=3499"}],"curies":[{"name":"wp","href":"https:\/\/api.w.org\/{rel}","templated":true}]}}