{"id":1554,"date":"2021-05-07T14:33:38","date_gmt":"2021-05-07T14:33:38","guid":{"rendered":"https:\/\/blogs.sub.uni-hamburg.de\/hamburglesen\/?page_id=1554"},"modified":"2021-05-10T05:43:14","modified_gmt":"2021-05-10T05:43:14","slug":"longlist-2021","status":"publish","type":"page","link":"https:\/\/blogs.sub.uni-hamburg.de\/hamburglesen\/?page_id=1554","title":{"rendered":"Longlist 2021"},"content":{"rendered":"<p><a href=\"http:\/\/blogs.sub.uni-hamburg.de\/hamburglesen\/wp-content\/uploads\/2021\/05\/longlist-2021-gr.jpg\"><img loading=\"lazy\" decoding=\"async\" src=\"http:\/\/blogs.sub.uni-hamburg.de\/hamburglesen\/wp-content\/uploads\/2021\/05\/longlist-2021.jpg\" alt=\"Longlist 2021\" title=\"Longlist 2021\" width=\"900\" height=\"453\" class=\"aligncenter size-full wp-image-1557\" \/><\/a><\/p>\n<p>Diese 31 Publikationen w\u00e4hlte die Auswahlkommission aus 200 B\u00fcchern (<a href=\"https:\/\/blogs.sub.uni-hamburg.de\/hamburglesen\/?page_id=1544\">Vorschlagsliste<\/a>) aus:<br \/>\n(Die Signaturen unter den Titeln verlinken auf deren Eintrag im Katalog<strong><em>plus<\/em><\/strong>)<\/p>\n<p><strong>Amenda, Lars<br \/>\nMarke Hamburg. Geschichte der Werbung f\u00fcr die Stadt<\/strong><br \/>\nHamburg: Junius, 2020<br \/>\n<a href=\"https:\/\/katalogplus.sub.uni-hamburg.de\/vufind\/Record\/1700367463\">HH 2110\/2<\/a><\/p>\n<p><strong>Bessing, Joachim<br \/>\nHamburg. Sex City<\/strong><br \/>\nBerlin: Matthes &#038; Seitz Berlin, 2021<br \/>\nA 2021\/34<\/p>\n<p><strong>Burchardt, Alf \/ Jonkmanns, Bernd<br \/>\nHamburg calling. Punk, Underground &#038; Avantgarde 1977-1985<\/strong><br \/>\nHamburg: Junius, 2020<br \/>\n<a href=\"https:\/\/katalogplus.sub.uni-hamburg.de\/vufind\/Record\/1700368141?rank=1\">HH 4721\/20<\/a><\/p>\n<p><strong>B\u00fcrger, Jan<br \/>\nZwischen Himmel und Elbe. Eine Hamburger Kulturgeschichte<\/strong><br \/>\nM\u00fcnchen: C.H. Beck, 2020<br \/>\n<a href=\"https:\/\/katalogplus.sub.uni-hamburg.de\/vufind\/Record\/1694632075?rank=1\">A 2020\/3501<\/a><\/p>\n<p><strong>Decker, Gunnar<br \/>\nErnst Barlach. Der Schwebende. Eine Biographie<\/strong><br \/>\nM\u00fcnchen: Siedler, 2019<br \/>\n<a href=\"https:\/\/katalogplus.sub.uni-hamburg.de\/vufind\/Record\/1665233141?rank=1\">A 2020\/298<\/a><\/p>\n<p><strong>Dehrmann, Mark-Georg<br \/>\nDie Hamburger Druckerei von Johann Joachim Christoph Bode (1767-78) und Gotthold Ephraim Lessing (1767-69). Mit einem Verzeichnis der Drucke<\/strong><br \/>\nHannover: Wehrhahn Verlag, 2020<br \/>\nA 2021\/825<\/p>\n<p><strong>Grunert, Heino (Hg.)<br \/>\nVon der Festung bis Planten un Blomen. Die Hamburger Wallanlagen<\/strong><br \/>\nHamburg: D\u00f6lling und Galitz Verlag, 2020<br \/>\n<a href=\"https:\/\/katalogplus.sub.uni-hamburg.de\/vufind\/Record\/1724906356?rank=1\">HH 2541\/1<\/a><\/p>\n<p><strong>Hansen, Astrid (Hg.)<br \/>\nFarbe in der Architektur. Karl Schneider in Hamburg<\/strong><br \/>\nKiel: Ludwig, 2020<br \/>\n<a href=\"https:\/\/katalogplus.sub.uni-hamburg.de\/vufind\/Record\/1730537472?rank=1\">B\/190971<\/a><\/p>\n<p><strong>Helmut und Loki Schmidt-Stiftung (Hg.)<br \/>\nKanzlers Kunst. Die private Sammlung von Helmut und Loki Schmidt<\/strong><br \/>\nHamburg: D\u00f6lling und Galitz Verlag, 2020<br \/>\n<a href=\"https:\/\/katalogplus.sub.uni-hamburg.de\/vufind\/Record\/1703200276?rank=1\">B\/190435<\/a><\/p>\n<p><strong>Henningsen, Hans-Erhard<br \/>\nDer Flaschenk\u00f6nig von \u00d6velg\u00f6nne. Eine Geschichte vom Hamburger Hafen.<\/strong><br \/>\nNorderstedt: BoD \u2013 Books on Demand, 2020<br \/>\nB\/193235<\/p>\n<p><strong>Hesse, Frank Pieter<br \/>\nG\u00e4rten sollen kein Geschw\u00e4tz sein. Gustav L\u00fcttge &#8211; Gartenkunst der Nachkriegsmoderne<\/strong><br \/>\nHamburg: D\u00f6lling und Galitz Verlag, 2021<br \/>\n<a href=\"https:\/\/katalogplus.sub.uni-hamburg.de\/vufind\/Record\/1703200535?rank=1\">HH 5023\/51<\/a><\/p>\n<p><strong>Karig, Friedemann \/ Hof, Elisa von<br \/>\nWater is life. 15 Jahre Viva con Agua<\/strong><br \/>\nHamburg: Viva von Agua de Sankt Pauli e.V., 2020<br \/>\nB\/194513<\/p>\n<p><strong>Kultur und Geschichtskontor<br \/>\nHans F\u00f6rster Vierl\u00e4nder Fahrten. Das vergessene Buch<\/strong><br \/>\nHamburg: Kultur- &#038; Geschichtskontor, 2020<br \/>\nHH 9750\/1<\/p>\n<p><strong>Laug, Anna-Sophie<br \/>\nOskar Schwindrazheim (1865-1952). Ein K\u00fcnstler, P\u00e4dagoge und Kunstschriftsteller zwischen Tradition und Reform<\/strong><br \/>\nG\u00f6ttingen: Wallstein Verlag, 2020<br \/>\n<a href=\"https:\/\/katalogplus.sub.uni-hamburg.de\/vufind\/Record\/1698175175?rank=1\">A 2020\/6129<\/a><\/p>\n<p><strong>Meyh\u00f6fer, Dirk (Hg.)<br \/>\nPut people first! Bericht vom Internationalen Bauforum 2019. Report from the international Bauforum 2019. Magistralen in Hamburg<\/strong><br \/>\nBerlin: jovis Verlag GmbH, 2020<br \/>\nC\/20862<\/p>\n<p><strong>M\u00fcller, Karsten (Hg.)<br \/>\nErnst Barlach &#8211; Die H\u00f6lzer<\/strong><br \/>\nDortmund: Verlag Kettler, 2020; Hamburg: Ernst Barlach Haus, 2020<br \/>\n<a href=\"https:\/\/katalogplus.sub.uni-hamburg.de\/vufind\/Record\/168815468X?rank=1\">B\/188603<\/a><\/p>\n<p><strong>M\u00fcrner, Christian \/ Pongs-Laute, Anna-Karoline (Hg.)<br \/>\nDie Schlumper<\/strong><br \/>\nHamburg: Freunde der Schlumper e.V., 2020<br \/>\nB\/193835<\/p>\n<p><strong>Natter, Jens<br \/>\nHammaburg<\/strong><br \/>\nHamburg: Ellert &#038; Richter Verlag, 2020<br \/>\nB\/194150<\/p>\n<p><strong>Nicolaysen, Rainer \/ Krause, Eckart \/ Zimmermann, Gunnar B.<br \/>\n100 Jahre Universit\u00e4t Hamburg Bd.1. Allgemeine Aspekte und Entwicklungen<\/strong><br \/>\nG\u00f6ttingen: Wallstein Verlag, 2020<br \/>\n<a href=\"https:\/\/katalogplus.sub.uni-hamburg.de\/vufind\/Record\/1669542467?rank=1\">A 2020\/6214<\/a><\/p>\n<p><strong>Niesen, Peter \/ Wei\u00df, Davin (Hg.)<br \/>\n100 Jahre Politikwissenschaft in Hamburg. Bruchst\u00fccke zu einer Institutsgeschichte<\/strong><br \/>\nBielefeld: transcript, 2021<br \/>\n<a href=\"https:\/\/katalogplus.sub.uni-hamburg.de\/vufind\/Record\/1698352565?rank=1\">A 2021\/728<\/a><\/p>\n<p><strong>Oehler, Tim<br \/>\nCorona Nights Hamburg.<\/strong><br \/>\nHamburg: Junius, 2020<br \/>\nHH 2040\/39<\/p>\n<p><strong>Parakenings, Marie<br \/>\nHamburger Tiere. Ein kleiner Guide f\u00fcr Naturbanausen &#038; Stadtkinder<\/strong><br \/>\nBerlin: Kulturverlag Kadmos, 2021<br \/>\n<a href=\"https:\/\/katalogplus.sub.uni-hamburg.de\/vufind\/Record\/1691583189?rank=1\">A 2021\/1519<\/a><\/p>\n<p><strong>Rentsch, Ivana (Hg.)<br \/>\nHamburger Gottseligkeit. Thomas Selle und die geistliche Musik im 17. Jahrhundert<\/strong><br \/>\nBeeskow: Ortus Musikverlag, 2020<br \/>\nA2020\/5119<\/p>\n<p><strong>Schlegl, Tobias<br \/>\nSchockraum<\/strong><br \/>\nM\u00fcnchen: Piper, 2020<br \/>\nA 2020\/6045<\/p>\n<p><strong>Seddig, Katrin<br \/>\nSicherheitszone<\/strong><br \/>\nBerlin: Rowohlt Berlin, 2020<br \/>\n<a href=\"https:\/\/katalogplus.sub.uni-hamburg.de\/vufind\/Record\/169817960X?rank=1\">A 2020\/1724<\/a><\/p>\n<p><strong>Steinfeld, Justin<br \/>\nEin Mann liest Zeitung<\/strong><br \/>\nFrankfurt am Main: Sch\u00f6ffling &#038; Co., 2020<br \/>\n<a href=\"https:\/\/katalogplus.sub.uni-hamburg.de\/vufind\/Record\/1697481744?rank=1\">A 2021\/34<\/a><\/p>\n<p><strong><br \/>\nStolzenburg, Andreas (Hg.)<br \/>\nWalter Gramatt\u00e9 und Hamburg<\/strong><br \/>\nHamburg: Hamburger Kunsthalle, 2020<br \/>\nA\/773386<\/p>\n<p><strong>Winkler, Ulrike<br \/>\nKein sicherer Ort. Der Margaretenhort in Hamburg-Harburg 1907 bis 1992<\/strong><br \/>\nBielefel: Verlag f\u00fcr Regionalgeschichte, 2021<br \/>\nA 2021\/1135<\/p>\n<p><strong>Wippermann, Frank<br \/>\nBergf\u00fchrer Hamburg. 80 Touren und 89 Gipfel<\/strong><br \/>\nHamburg: Junius, 2021<br \/>\nHH 1760\/94<\/p>\n<p><strong>Witthoefft, Brigitte (Hg.)<br \/>\nDer Lohsepark in der HafenCity. Botanik, Konzeption, Alltagsnutzung: ein Begleiter<\/strong><br \/>\nHamburg: HafenCity Hamburg GmbH, 2020<br \/>\n<a href=\"https:\/\/katalogplus.sub.uni-hamburg.de\/vufind\/Record\/1741856027?rank=1\">HH 2480\/23<\/a><\/p>\n<p><strong>Ziehl, Michael<br \/>\nKoproduktion urbaner Resilienz. Das G\u00e4ngeviertel in Hamburg als Reallabor f\u00fcr eine zukunftsf\u00e4hige Stadtentwicklung mittels Kooperation von Zivilgesellschaft, Politik und Verwaltung<\/strong><br \/>\nBerlin: Jovis, 2020<br \/>\n<a href=\"https:\/\/katalogplus.sub.uni-hamburg.de\/vufind\/Record\/1725326426?rank=1\">A 2020\/4622<\/a><\/p>\n","protected":false},"excerpt":{"rendered":"<p>Diese 31 Publikationen w\u00e4hlte die Auswahlkommission aus 200 B\u00fcchern (Vorschlagsliste) aus: (Die Signaturen unter den Titeln verlinken auf deren Eintrag im Katalogplus) Amenda, Lars Marke Hamburg. Geschichte der Werbung f\u00fcr die Stadt Hamburg: Junius, 2020 HH 2110\/2 Bessing, Joachim Hamburg. Sex City Berlin: Matthes &#038; Seitz Berlin, 2021 A 2021\/34 Burchardt, Alf \/ Jonkmanns, Bernd [&hellip;]<\/p>\n","protected":false},"author":2,"featured_media":0,"parent":0,"menu_order":0,"comment_status":"closed","ping_status":"closed","template":"","meta":{"footnotes":""},"class_list":["post-1554","page","type-page","status-publish","hentry"],"_links":{"self":[{"href":"https:\/\/blogs.sub.uni-hamburg.de\/hamburglesen\/index.php?rest_route=\/wp\/v2\/pages\/1554","targetHints":{"allow":["GET"]}}],"collection":[{"href":"https:\/\/blogs.sub.uni-hamburg.de\/hamburglesen\/index.php?rest_route=\/wp\/v2\/pages"}],"about":[{"href":"https:\/\/blogs.sub.uni-hamburg.de\/hamburglesen\/index.php?rest_route=\/wp\/v2\/types\/page"}],"author":[{"embeddable":true,"href":"https:\/\/blogs.sub.uni-hamburg.de\/hamburglesen\/index.php?rest_route=\/wp\/v2\/users\/2"}],"replies":[{"embeddable":true,"href":"https:\/\/blogs.sub.uni-hamburg.de\/hamburglesen\/index.php?rest_route=%2Fwp%2Fv2%2Fcomments&post=1554"}],"version-history":[{"count":6,"href":"https:\/\/blogs.sub.uni-hamburg.de\/hamburglesen\/index.php?rest_route=\/wp\/v2\/pages\/1554\/revisions"}],"predecessor-version":[{"id":1578,"href":"https:\/\/blogs.sub.uni-hamburg.de\/hamburglesen\/index.php?rest_route=\/wp\/v2\/pages\/1554\/revisions\/1578"}],"wp:attachment":[{"href":"https:\/\/blogs.sub.uni-hamburg.de\/hamburglesen\/index.php?rest_route=%2Fwp%2Fv2%2Fmedia&parent=1554"}],"curies":[{"name":"wp","href":"https:\/\/api.w.org\/{rel}","templated":true}]}}