{"id":13475,"date":"2024-01-01T11:14:42","date_gmt":"2024-01-01T10:14:42","guid":{"rendered":"https:\/\/blogs.sub.uni-hamburg.de\/bergedorf\/?page_id=13475"},"modified":"2025-12-18T15:43:27","modified_gmt":"2025-12-18T14:43:27","slug":"bergedorf-1924","status":"publish","type":"page","link":"https:\/\/blogs.sub.uni-hamburg.de\/bergedorf\/?page_id=13475","title":{"rendered":"Bergedorf 1924"},"content":{"rendered":"<p><a href=\"https:\/\/blogs.sub.uni-hamburg.de\/bergedorf\/wp-content\/uploads\/2014\/05\/BZ50001-Kopf-BZ.jpg\"><img loading=\"lazy\" decoding=\"async\" src=\"https:\/\/blogs.sub.uni-hamburg.de\/bergedorf\/wp-content\/uploads\/2023\/12\/bergedorf1924.jpg\" title=\"Bergedorfer Zeitung\" alt=\"Bergedorfer Zeitung\" width=\"640\" height=\"259\" class=\"alignleft size-full wp-image-10608\" \/><\/a><\/p>\n<div style=\"float: right; width: 300px; padding: 20px; margin-left: 20px; margin-bottom: 25px; background-color: #ded7c5; border: 1px solid black;\">\n<h2>Artikel zu Bergedorf 1924<\/h2>\n<p>Die Liste wird fortlaufend aktualisiert:<\/p>\n<ul> <li><a href=\"https:\/\/blogs.sub.uni-hamburg.de\/bergedorf\/?p=14891\" rel=\"bookmark\">Die Roller-Plage vor hundert Jahren<\/a><\/li>\r\n<li><a href=\"https:\/\/blogs.sub.uni-hamburg.de\/bergedorf\/?p=15030\" rel=\"bookmark\">Der Rundfunk und seine Sendepausen<\/a><\/li>\r\n<li><a href=\"https:\/\/blogs.sub.uni-hamburg.de\/bergedorf\/?p=14993\" rel=\"bookmark\">Die k\u00f6rperliche Z\u00fcchtigung an den Schulen<\/a><\/li>\r\n<li><a href=\"https:\/\/blogs.sub.uni-hamburg.de\/bergedorf\/?p=15017\" rel=\"bookmark\">Das Sparbuch als Weihnachtsgeschenk<\/a><\/li>\r\n<li><a href=\"https:\/\/blogs.sub.uni-hamburg.de\/bergedorf\/?p=14977\" rel=\"bookmark\">Die Staubaufwirbelungsmaschine von Bergedorf<\/a><\/li>\r\n<li><a href=\"https:\/\/blogs.sub.uni-hamburg.de\/bergedorf\/?p=15050\" rel=\"bookmark\">Mit Wohlfahrtsschecks gegen \u201eBerufsbettler\u201c<\/a><\/li>\r\n<li><a href=\"https:\/\/blogs.sub.uni-hamburg.de\/bergedorf\/?p=14879\" rel=\"bookmark\">Bergedorfs Bahnanbindungen<\/a><\/li>\r\n<li><a href=\"https:\/\/blogs.sub.uni-hamburg.de\/bergedorf\/?p=15008\" rel=\"bookmark\">Der Teddyb\u00e4r mit der Muhdose<\/a><\/li>\r\n<li><a href=\"https:\/\/blogs.sub.uni-hamburg.de\/bergedorf\/?p=14925\" rel=\"bookmark\">Die \u201enat\u00fcrlichen Heilweisen\u201c und andere Quacksalberei<\/a><\/li>\r\n<li><a href=\"https:\/\/blogs.sub.uni-hamburg.de\/bergedorf\/?p=14939\" rel=\"bookmark\">B\u00f6ses Blut zwischen Neuengamme und Curslack<\/a><\/li>\r\n<li><a href=\"https:\/\/blogs.sub.uni-hamburg.de\/bergedorf\/?p=14912\" rel=\"bookmark\">Die Gratiszugaben zu den Weihnachtseink\u00e4ufen<\/a><\/li>\r\n<li><a href=\"https:\/\/blogs.sub.uni-hamburg.de\/bergedorf\/?p=14965\" rel=\"bookmark\">Die Hansa-Sch\u00fcler und die Kurzschrift<\/a><\/li>\r\n<li><a href=\"https:\/\/blogs.sub.uni-hamburg.de\/bergedorf\/?p=15077\" rel=\"bookmark\">Der Schwindel mit Sparbrennern<\/a><\/li>\r\n<li><a href=\"https:\/\/blogs.sub.uni-hamburg.de\/bergedorf\/?p=14948\" rel=\"bookmark\">Verlorene Uhren und verlorene Begriffe<\/a><\/li>\r\n<li><a href=\"https:\/\/blogs.sub.uni-hamburg.de\/bergedorf\/?p=15091\" rel=\"bookmark\">Von Mardern und H\u00fchnern<\/a><\/li>\r\n<li><a href=\"https:\/\/blogs.sub.uni-hamburg.de\/bergedorf\/?p=14858\" rel=\"bookmark\">Die Sander Probleme mit dem Bahnhof Bergedorf<\/a><\/li>\r\n<li><a href=\"https:\/\/blogs.sub.uni-hamburg.de\/bergedorf\/?p=14903\" rel=\"bookmark\">Die ungeliebte Fortbildungsschule<\/a><\/li>\r\n<li><a href=\"https:\/\/blogs.sub.uni-hamburg.de\/bergedorf\/?p=14845\" rel=\"bookmark\">Die Promi-Hochzeit in Sande<\/a><\/li>\r\n<li><a href=\"https:\/\/blogs.sub.uni-hamburg.de\/bergedorf\/?p=14833\" rel=\"bookmark\">Lyrische Bl\u00fcten aus Bergedorf<\/a><\/li>\r\n<li><a href=\"https:\/\/blogs.sub.uni-hamburg.de\/bergedorf\/?p=15066\" rel=\"bookmark\">Der B\u00fcrgerschaftswahlkampf 1924<\/a><\/li>\r\n<li><a href=\"https:\/\/blogs.sub.uni-hamburg.de\/bergedorf\/?p=14814\" rel=\"bookmark\">Wulstreifen und Langsamradeln<\/a><\/li>\r\n<li><a href=\"https:\/\/blogs.sub.uni-hamburg.de\/bergedorf\/?p=14826\" rel=\"bookmark\">Vom Tretrad zur motorisierten Streife \u2013 die Polizei wird moderner<\/a><\/li>\r\n<li><a href=\"https:\/\/blogs.sub.uni-hamburg.de\/bergedorf\/?p=14792\" rel=\"bookmark\">Die Rolle r\u00fcckw\u00e4rts bei den Stra\u00dfennamen<\/a><\/li>\r\n<li><a href=\"https:\/\/blogs.sub.uni-hamburg.de\/bergedorf\/?p=14803\" rel=\"bookmark\">\u201eStahlhelm\u201c vs. \u201eReichsbanner\u201c<\/a><\/li>\r\n<li><a href=\"https:\/\/blogs.sub.uni-hamburg.de\/bergedorf\/?p=14774\" rel=\"bookmark\">Der Schatz im Acker<\/a><\/li>\r\n<li><a href=\"https:\/\/blogs.sub.uni-hamburg.de\/bergedorf\/?p=14781\" rel=\"bookmark\">Die Verlangsamung durch den Schnellverkehr<\/a><\/li>\r\n<li><a href=\"https:\/\/blogs.sub.uni-hamburg.de\/bergedorf\/?p=14743\" rel=\"bookmark\">Die schwierige Befestigung eines Elbdeichs<\/a><\/li>\r\n<li><a href=\"https:\/\/blogs.sub.uni-hamburg.de\/bergedorf\/?p=14760\" rel=\"bookmark\">Kein Zeppelin \u00fcber Bergedorf<\/a><\/li>\r\n<li><a href=\"https:\/\/blogs.sub.uni-hamburg.de\/bergedorf\/?p=14729\" rel=\"bookmark\">Friedensbewegung, Milit\u00e4rvereine und die BZ<\/a><\/li>\r\n<li><a href=\"https:\/\/blogs.sub.uni-hamburg.de\/bergedorf\/?p=14711\" rel=\"bookmark\">Bergedorfer Schlo\u00df-Kalender vs. Hamburger Almanach<\/a><\/li>\r\n<li><a href=\"https:\/\/blogs.sub.uni-hamburg.de\/bergedorf\/?p=14688\" rel=\"bookmark\">Die Deutschnationalen Handlungsgehilfen in Bergedorf-Sande<\/a><\/li>\r\n<li><a href=\"https:\/\/blogs.sub.uni-hamburg.de\/bergedorf\/?p=14677\" rel=\"bookmark\">Die \u201eSchule der Landwirtschaft\u201c im Rundfunk<\/a><\/li>\r\n<li><a href=\"https:\/\/blogs.sub.uni-hamburg.de\/bergedorf\/?p=14650\" rel=\"bookmark\">Die l\u00e4rmgeplagten Bergedorfer<\/a><\/li>\r\n<li><a href=\"https:\/\/blogs.sub.uni-hamburg.de\/bergedorf\/?p=14665\" rel=\"bookmark\">Der entflohene spanische Fremdenlegion\u00e4r in Sande<\/a><\/li>\r\n<li><a href=\"https:\/\/blogs.sub.uni-hamburg.de\/bergedorf\/?p=14637\" rel=\"bookmark\">Der n\u00e4chtliche Handbetrieb des Telefons<\/a><\/li>\r\n<li><a href=\"https:\/\/blogs.sub.uni-hamburg.de\/bergedorf\/?p=14623\" rel=\"bookmark\">Die Raubfischerei in der Bille<\/a><\/li>\r\n<li><a href=\"https:\/\/blogs.sub.uni-hamburg.de\/bergedorf\/?p=14607\" rel=\"bookmark\">Herbstwetter im August<\/a><\/li>\r\n<li><a href=\"https:\/\/blogs.sub.uni-hamburg.de\/bergedorf\/?p=14586\" rel=\"bookmark\">Der Gurkendieb<\/a><\/li>\r\n<li><a href=\"https:\/\/blogs.sub.uni-hamburg.de\/bergedorf\/?p=14558\" rel=\"bookmark\">\u201eDer Kreis\u201c und seine Probleme<\/a><\/li>\r\n<li><a href=\"https:\/\/blogs.sub.uni-hamburg.de\/bergedorf\/?p=14573\" rel=\"bookmark\">\u201eQuer durch die Elbe\u201c, H\u00fchschwimmen und andere Wettk\u00e4mpfe<\/a><\/li>\r\n<li><a href=\"https:\/\/blogs.sub.uni-hamburg.de\/bergedorf\/?p=14548\" rel=\"bookmark\">Die Sand- und Lehmgruben auf dem Gojenberg<\/a><\/li>\r\n<li><a href=\"https:\/\/blogs.sub.uni-hamburg.de\/bergedorf\/?p=14535\" rel=\"bookmark\">Keine Ferkel als Handgep\u00e4ck in der Bahn!<\/a><\/li>\r\n<li><a href=\"https:\/\/blogs.sub.uni-hamburg.de\/bergedorf\/?p=14511\" rel=\"bookmark\">Die Kirchenglocken und die Politik<\/a><\/li>\r\n<li><a href=\"https:\/\/blogs.sub.uni-hamburg.de\/bergedorf\/?p=14525\" rel=\"bookmark\">Die Motorr\u00e4der und das Fahrverbot<\/a><\/li>\r\n<li><a href=\"https:\/\/blogs.sub.uni-hamburg.de\/bergedorf\/?p=14494\" rel=\"bookmark\">Junge M\u00e4dchen gesetzten Alters und konfirmierte Kuhhirten<\/a><\/li>\r\n<li><a href=\"https:\/\/blogs.sub.uni-hamburg.de\/bergedorf\/?p=14468\" rel=\"bookmark\">Das Fahrradparken in Bergedorf<\/a><\/li>\r\n<li><a href=\"https:\/\/blogs.sub.uni-hamburg.de\/bergedorf\/?p=14451\" rel=\"bookmark\">\u201eSelbsthilfe\u201c f\u00fcr Fr\u00fchaufsteher<\/a><\/li>\r\n<li><a href=\"https:\/\/blogs.sub.uni-hamburg.de\/bergedorf\/?p=14440\" rel=\"bookmark\">Die gef\u00e4hrlichen Hochantennen<\/a><\/li>\r\n<li><a href=\"https:\/\/blogs.sub.uni-hamburg.de\/bergedorf\/?p=14433\" rel=\"bookmark\">Verkehrshindernis Reichsbahn<\/a><\/li>\r\n<li><a href=\"https:\/\/blogs.sub.uni-hamburg.de\/bergedorf\/?p=14408\" rel=\"bookmark\">Stenotypist und Stenotypistin<\/a><\/li>\r\n<li><a href=\"https:\/\/blogs.sub.uni-hamburg.de\/bergedorf\/?p=14385\" rel=\"bookmark\">Bergedorfs neuer Wochenmarkt<\/a><\/li>\r\n<li><a href=\"https:\/\/blogs.sub.uni-hamburg.de\/bergedorf\/?p=14392\" rel=\"bookmark\">Kraftdroschken und andere Fahrzeuge<\/a><\/li>\r\n<li><a href=\"https:\/\/blogs.sub.uni-hamburg.de\/bergedorf\/?p=14347\" rel=\"bookmark\">Die durchschlagskr\u00e4ftige Schreibmaschine mit sichtbarer Schrift<\/a><\/li>\r\n<li><a href=\"https:\/\/blogs.sub.uni-hamburg.de\/bergedorf\/?p=14363\" rel=\"bookmark\">Die Geheimsitzung der Stadtvertretung<\/a><\/li>\r\n<li><a href=\"https:\/\/blogs.sub.uni-hamburg.de\/bergedorf\/?p=14333\" rel=\"bookmark\">Per Punt auf der Bille unterwegs<\/a><\/li>\r\n<li><a href=\"https:\/\/blogs.sub.uni-hamburg.de\/bergedorf\/?p=14310\" rel=\"bookmark\">Gef\u00e4hrliche Obstschalen<\/a><\/li>\r\n<li><a href=\"https:\/\/blogs.sub.uni-hamburg.de\/bergedorf\/?p=14296\" rel=\"bookmark\">Die Viehhaltung auf der Bergedorfer Sternwarte<\/a><\/li>\r\n<li><a href=\"https:\/\/blogs.sub.uni-hamburg.de\/bergedorf\/?p=14286\" rel=\"bookmark\">Von Linden, Eichen und Wappenb\u00e4umen<\/a><\/li>\r\n<li><a href=\"https:\/\/blogs.sub.uni-hamburg.de\/bergedorf\/?p=14248\" rel=\"bookmark\">Dumme gesucht<\/a><\/li>\r\n<li><a href=\"https:\/\/blogs.sub.uni-hamburg.de\/bergedorf\/?p=14266\" rel=\"bookmark\">Mysterienspiele in Bergedorf<\/a><\/li>\r\n<li><a href=\"https:\/\/blogs.sub.uni-hamburg.de\/bergedorf\/?p=14239\" rel=\"bookmark\">Klotzen statt kleckern beim Wohnungsbau?<\/a><\/li>\r\n<li><a href=\"https:\/\/blogs.sub.uni-hamburg.de\/bergedorf\/?p=14225\" rel=\"bookmark\">Die neue Stra\u00dfe in Ochsenw\u00e4rder<\/a><\/li>\r\n<li><a href=\"https:\/\/blogs.sub.uni-hamburg.de\/bergedorf\/?p=14193\" rel=\"bookmark\">Der Himmel \u00fcber Bergedorf und der Luftverkehr<\/a><\/li>\r\n<li><a href=\"https:\/\/blogs.sub.uni-hamburg.de\/bergedorf\/?p=14209\" rel=\"bookmark\">Die Landwirtschaftsausstellung und die Hamburger Universit\u00e4t<\/a><\/li>\r\n<li><a href=\"https:\/\/blogs.sub.uni-hamburg.de\/bergedorf\/?p=14154\" rel=\"bookmark\">Das Kleinkraftrad: ohne Kennzeichen und ohne F\u00fchrerschein<\/a><\/li>\r\n<li><a href=\"https:\/\/blogs.sub.uni-hamburg.de\/bergedorf\/?p=14179\" rel=\"bookmark\">Das lange Warten aufs Warmbaden<\/a><\/li>\r\n<li><a href=\"https:\/\/blogs.sub.uni-hamburg.de\/bergedorf\/?p=14133\" rel=\"bookmark\">Schule mit Nackt-Gymnastik oder als Dressuranstalt preu\u00dfisch-deutscher Kriegsuntertanen?<\/a><\/li>\r\n<li><a href=\"https:\/\/blogs.sub.uni-hamburg.de\/bergedorf\/?p=14122\" rel=\"bookmark\">Mooraufh\u00f6hung und Sandabbau<\/a><\/li>\r\n<li><a href=\"https:\/\/blogs.sub.uni-hamburg.de\/bergedorf\/?p=14110\" rel=\"bookmark\">Die Zeitung und der Postabbau<\/a><\/li>\r\n<li><a href=\"https:\/\/blogs.sub.uni-hamburg.de\/bergedorf\/?p=14090\" rel=\"bookmark\">Wieder ein \u00fcbler Wahlkampf<\/a><\/li>\r\n<li><a href=\"https:\/\/blogs.sub.uni-hamburg.de\/bergedorf\/?p=14055\" rel=\"bookmark\">Der durchl\u00f6cherte Stimmzettel<\/a><\/li>\r\n<li><a href=\"https:\/\/blogs.sub.uni-hamburg.de\/bergedorf\/?p=14078\" rel=\"bookmark\">Die Deutsche Turnerschaft: auf Abgrenzung bedacht<\/a><\/li>\r\n<li><a href=\"https:\/\/blogs.sub.uni-hamburg.de\/bergedorf\/?p=14040\" rel=\"bookmark\">Erfolgreiche Kleing\u00e4rtner- und Bauernproteste<\/a><\/li>\r\n<li><a href=\"https:\/\/blogs.sub.uni-hamburg.de\/bergedorf\/?p=14019\" rel=\"bookmark\">Die Wettervorhersage und die Motorfr\u00e4se<\/a><\/li>\r\n<li><a href=\"https:\/\/blogs.sub.uni-hamburg.de\/bergedorf\/?p=13979\" rel=\"bookmark\">Die Kreuzotter: von der Vertilgung zur Ehrung als Reptil des Jahres<\/a><\/li>\r\n<li><a href=\"https:\/\/blogs.sub.uni-hamburg.de\/bergedorf\/?p=13995\" rel=\"bookmark\">Ohrenarzt und Wohnungsamt<\/a><\/li>\r\n<li><a href=\"https:\/\/blogs.sub.uni-hamburg.de\/bergedorf\/?p=13946\" rel=\"bookmark\">Deutschv\u00f6lkische T\u00f6ne<\/a><\/li>\r\n<li><a href=\"https:\/\/blogs.sub.uni-hamburg.de\/bergedorf\/?p=13958\" rel=\"bookmark\">Streik und Streikbrecher in Bergedorf<\/a><\/li>\r\n<li><a href=\"https:\/\/blogs.sub.uni-hamburg.de\/bergedorf\/?p=13910\" rel=\"bookmark\">Rundfunksender Bergedorf<\/a><\/li>\r\n<li><a href=\"https:\/\/blogs.sub.uni-hamburg.de\/bergedorf\/?p=13897\" rel=\"bookmark\">Die schrumpfenden Lehrerkollegien<\/a><\/li>\r\n<li><a href=\"https:\/\/blogs.sub.uni-hamburg.de\/bergedorf\/?p=13925\" rel=\"bookmark\">Das Kirchenjubil\u00e4um in Sande<\/a><\/li>\r\n<li><a href=\"https:\/\/blogs.sub.uni-hamburg.de\/bergedorf\/?p=13886\" rel=\"bookmark\">Die Hand- und Spanndienste f\u00fcr die Kirche<\/a><\/li>\r\n<li><a href=\"https:\/\/blogs.sub.uni-hamburg.de\/bergedorf\/?p=13852\" rel=\"bookmark\">Waldlauf mit Hindernissen<\/a><\/li>\r\n<li><a href=\"https:\/\/blogs.sub.uni-hamburg.de\/bergedorf\/?p=13840\" rel=\"bookmark\">Soziale Not auch in Besenhorst und Geesthacht<\/a><\/li>\r\n<li><a href=\"https:\/\/blogs.sub.uni-hamburg.de\/bergedorf\/?p=13869\" rel=\"bookmark\">Der Frostaufgang und die Provinzialchaussee<\/a><\/li>\r\n<li><a href=\"https:\/\/blogs.sub.uni-hamburg.de\/bergedorf\/?p=13817\" rel=\"bookmark\">Die Radio\u00fcbertragung aus Kuhw\u00e4rder<\/a><\/li>\r\n<li><a href=\"https:\/\/blogs.sub.uni-hamburg.de\/bergedorf\/?p=13828\" rel=\"bookmark\">Die Bahnfahrkarte im scharfkantigen Blechrahmen<\/a><\/li>\r\n<li><a href=\"https:\/\/blogs.sub.uni-hamburg.de\/bergedorf\/?p=13781\" rel=\"bookmark\">Der Wahlkampf in Bergedorf \u2013 und die Ergebnisse<\/a><\/li>\r\n<li><a href=\"https:\/\/blogs.sub.uni-hamburg.de\/bergedorf\/?p=13806\" rel=\"bookmark\">B\u00f6ses Blut und Bauernmilch in Geesthacht<\/a><\/li>\r\n<li><a href=\"https:\/\/blogs.sub.uni-hamburg.de\/bergedorf\/?p=13753\" rel=\"bookmark\">Das republikgef\u00e4hrdende Bergedorf-Sander Volksblatt<\/a><\/li>\r\n<li><a href=\"https:\/\/blogs.sub.uni-hamburg.de\/bergedorf\/?p=13768\" rel=\"bookmark\">Heinrich Grube gegen Heinrich Grube<\/a><\/li>\r\n<li><a href=\"https:\/\/blogs.sub.uni-hamburg.de\/bergedorf\/?p=13734\" rel=\"bookmark\">Die Wohnungsmangelverwaltung<\/a><\/li>\r\n<li><a href=\"https:\/\/blogs.sub.uni-hamburg.de\/bergedorf\/?p=13719\" rel=\"bookmark\">Von Eisbr\u00fccken und Eisstopfungen<\/a><\/li>\r\n<li><a href=\"https:\/\/blogs.sub.uni-hamburg.de\/bergedorf\/?p=13693\" rel=\"bookmark\">Geesthacht: ein Trachtenfest zur Stadtwerdung<\/a><\/li>\r\n<li><a href=\"https:\/\/blogs.sub.uni-hamburg.de\/bergedorf\/?p=13681\" rel=\"bookmark\">Bergedorfs Gewichts-Schweinegilde<\/a><\/li>\r\n<li><a href=\"https:\/\/blogs.sub.uni-hamburg.de\/bergedorf\/?p=13672\" rel=\"bookmark\">Kleinhandelspreise und Teuerungszahlen 1924<\/a><\/li>\r\n<li><a href=\"https:\/\/blogs.sub.uni-hamburg.de\/bergedorf\/?p=13618\" rel=\"bookmark\">Der Weg aus der Bleiw\u00fcste<\/a><\/li>\r\n<li><a href=\"https:\/\/blogs.sub.uni-hamburg.de\/bergedorf\/?p=13581\" rel=\"bookmark\">Die Hundesperre<\/a><\/li>\r\n<li><a href=\"https:\/\/blogs.sub.uni-hamburg.de\/bergedorf\/?p=13594\" rel=\"bookmark\">Das Bergedorfer Telefonbuch<\/a><\/li>\r\n<li><a href=\"https:\/\/blogs.sub.uni-hamburg.de\/bergedorf\/?p=13557\" rel=\"bookmark\">Der Spielfilm \u201eMutter\u201c im Schulkino<\/a><\/li>\r\n<li><a href=\"https:\/\/blogs.sub.uni-hamburg.de\/bergedorf\/?p=13568\" rel=\"bookmark\">Die abgestreute Rodelbahn und der Mist<\/a><\/li>\r\n<li><a href=\"https:\/\/blogs.sub.uni-hamburg.de\/bergedorf\/?p=13531\" rel=\"bookmark\">Die Reichsgr\u00fcndungsfeier des Jung-Schlageter-Bundes<\/a><\/li>\r\n<li><a href=\"https:\/\/blogs.sub.uni-hamburg.de\/bergedorf\/?p=13542\" rel=\"bookmark\">Die Not der Bev\u00f6lkerung<\/a><\/li>\r\n<li><a href=\"https:\/\/blogs.sub.uni-hamburg.de\/bergedorf\/?p=13517\" rel=\"bookmark\">Die drahtlose Telegraphie und Telephonie<\/a><\/li>\r\n<li><a href=\"https:\/\/blogs.sub.uni-hamburg.de\/bergedorf\/?p=13503\" rel=\"bookmark\">Die steuerfreie Hausangestellte<\/a><\/li>\r\n<li><a href=\"https:\/\/blogs.sub.uni-hamburg.de\/bergedorf\/?p=13650\" rel=\"bookmark\">Der Neujahrs-Gl\u00fcckwunsch-Indikator<\/a><\/li><\/p>\n<\/ul>\n<\/div>\n<p>Es waren Jahre mit tiefgreifenden \u00c4nderungen f\u00fcr die Bergedorferinnen und Bergedorfer: in <a href=\"https:\/\/blogs.sub.uni-hamburg.de\/bergedorf\/?page_id=908\">Bergedorf 1914<\/a>, <a href=\"https:\/\/blogs.sub.uni-hamburg.de\/bergedorf\/?page_id=1424\">Bergedorf 1915<\/a>, <a href=\"https:\/\/blogs.sub.uni-hamburg.de\/bergedorf\/?page_id=2169\">Bergedorf 1916<\/a>, <a href=\"https:\/\/blogs.sub.uni-hamburg.de\/bergedorf\/?page_id=3374\">Bergedorf 1917<\/a> und <a href=\"https:\/\/blogs.sub.uni-hamburg.de\/bergedorf\/?page_id=4640\">Bergedorf 1918<\/a> wurde anhand ausgew\u00e4hlter Artikel gezeigt, wie sich das Leben der Menschen im und durch den Ersten Weltkrieg \u00e4nderte.<\/p>\n<p>Die Nachkriegszeit brachte die Errichtung der Demokratie, die aber immer wieder von links- wie rechtsau\u00dfen bedroht wurde, und manchen gesellschaftlichen Wandel, doch die wirtschaftlichen Probleme blieben, wie aus <a href=\"https:\/\/blogs.sub.uni-hamburg.de\/bergedorf\/?page_id=6074\">Bergedorf 1919<\/a>, <a href=\"https:\/\/blogs.sub.uni-hamburg.de\/bergedorf\/?page_id=7514\">Bergedorf 1920<\/a>, <a href=\"https:\/\/blogs.sub.uni-hamburg.de\/bergedorf\/?page_id=9158\">Bergedorf 1921<\/a>, <a href=\"https:\/\/blogs.sub.uni-hamburg.de\/bergedorf\/?page_id=10606\">Bergedorf 1922<\/a> und <a href=\"https:\/\/blogs.sub.uni-hamburg.de\/bergedorf\/?page_id=11946\">Bergedorf 1923<\/a> zu ersehen.<\/p>\n<p>Die Artikel werden hier nun f\u00fcr das Jahr 1924 im Wochenrhythmus fortgef\u00fchrt \u2013 eine Bestandsl\u00fccke der Bergedorfer Zeitung im Oktober\/November 1924 kann \u00fcberbr\u00fcckt werden.<\/p>\n","protected":false},"excerpt":{"rendered":"<p>Artikel zu Bergedorf 1924 Die Liste wird fortlaufend aktualisiert: Es waren Jahre mit tiefgreifenden \u00c4nderungen f\u00fcr die Bergedorferinnen und Bergedorfer: in Bergedorf 1914, Bergedorf 1915, Bergedorf 1916, Bergedorf 1917 und Bergedorf 1918 wurde anhand ausgew\u00e4hlter Artikel gezeigt, wie sich das &hellip; <a href=\"https:\/\/blogs.sub.uni-hamburg.de\/bergedorf\/?p=13650\">Weiterlesen <span class=\"meta-nav\">&rarr;<\/span><\/a><\/p>\n","protected":false},"author":2,"featured_media":0,"parent":0,"menu_order":0,"comment_status":"closed","ping_status":"closed","template":"","meta":{"footnotes":""},"class_list":["post-13475","page","type-page","status-publish","hentry"],"jetpack_sharing_enabled":true,"_links":{"self":[{"href":"https:\/\/blogs.sub.uni-hamburg.de\/bergedorf\/index.php?rest_route=\/wp\/v2\/pages\/13475","targetHints":{"allow":["GET"]}}],"collection":[{"href":"https:\/\/blogs.sub.uni-hamburg.de\/bergedorf\/index.php?rest_route=\/wp\/v2\/pages"}],"about":[{"href":"https:\/\/blogs.sub.uni-hamburg.de\/bergedorf\/index.php?rest_route=\/wp\/v2\/types\/page"}],"author":[{"embeddable":true,"href":"https:\/\/blogs.sub.uni-hamburg.de\/bergedorf\/index.php?rest_route=\/wp\/v2\/users\/2"}],"replies":[{"embeddable":true,"href":"https:\/\/blogs.sub.uni-hamburg.de\/bergedorf\/index.php?rest_route=%2Fwp%2Fv2%2Fcomments&post=13475"}],"version-history":[{"count":10,"href":"https:\/\/blogs.sub.uni-hamburg.de\/bergedorf\/index.php?rest_route=\/wp\/v2\/pages\/13475\/revisions"}],"predecessor-version":[{"id":16570,"href":"https:\/\/blogs.sub.uni-hamburg.de\/bergedorf\/index.php?rest_route=\/wp\/v2\/pages\/13475\/revisions\/16570"}],"wp:attachment":[{"href":"https:\/\/blogs.sub.uni-hamburg.de\/bergedorf\/index.php?rest_route=%2Fwp%2Fv2%2Fmedia&parent=13475"}],"curies":[{"name":"wp","href":"https:\/\/api.w.org\/{rel}","templated":true}]}}