{"id":304,"date":"2013-09-30T10:17:51","date_gmt":"2013-09-30T10:17:51","guid":{"rendered":"http:\/\/blogs.sub.uni-hamburg.de\/academic-linkshare\/?page_id=304"},"modified":"2013-11-01T10:55:09","modified_gmt":"2013-11-01T10:55:09","slug":"kooperieren","status":"publish","type":"page","link":"https:\/\/blogs.sub.uni-hamburg.de\/academic-linkshare\/kooperieren\/","title":{"rendered":"Kooperieren"},"content":{"rendered":"<h1>Mit Academic LinkShare kooperieren<\/h1>\n<p>Warum ein eigenes technisches System neu entwickeln? Der Verbund Academic LinkShare bietet allen Interessenten aus dem sozial- und geisteswissenschaftlichen Umfeld die M\u00f6glichkeit, dem Verbund beizutreten und die technische und organisatorische Infrastruktur f\u00fcr den Aufbau und den Betrieb einer eigenen Virtuellen Fachbibliothek zu nutzen.<\/p>\n<h3>Ihre Vorteile als Verbundpartner<\/h3>\n<p>Die Beteiligung an Academic LinkShare bietet Ihnen zahlreiche Vorteile, die im Folgenden kurz aufgelistet werden:<\/p>\n<ul>\n<li>Beteiligung am Metadata Sharing mit der M\u00f6glichkeit, schon vorhandene Datens\u00e4tze aus den Bereichen Wirtschafts-, Rechts-, Sozial- oder der Regionalwissenschaften nachnutzen zu k\u00f6nnen. Wieviele Datens\u00e4tze aktuell im System eingepflegt sind k\u00f6nnen Sie unserer \u00dcbersicht \u00fcber <a title=\"Ressourcentypen\" href=\"https:\/\/blogs.sub.uni-hamburg.de\/academic-linkshare\/?page_id=306\" target=\"_blank\">Ressourcentypen<\/a> entnehmen.<\/li>\n<li>Arbeit mit einem Erfassungssystem, das basierend auf bibliothekarischem Know-how f\u00fcr die Pflege von Fachinformationsf\u00fchrern konzipiert wurde und sich bereits in mehrj\u00e4hrigem Betrieb bew\u00e4hrt hat.<\/li>\n<li>Nutzung eines vorhandenen Handbuchs, das ein verbindliches Regelwerk f\u00fcr die Erschlie\u00dfung von Internetquellen im Rahmen von Academic LinkShare darstellt.<\/li>\n<li>Nutzung bereits eingerichteter Kommunikationskan\u00e4le f\u00fcr die Zusammenarbeit.<\/li>\n<li>M\u00f6glichkeit der Beteiligung an einer arbeitsteiligen Weiterentwicklung der Pr\u00e4sentation der Fachinformationsf\u00fchrer sowie Austausch von Informationen bez\u00fcglich neuer Module und Konzepte zwischen den beteiligten Virtuellen Fachbibliotheken.<\/li>\n<li>Geringe Kosten: F\u00fcr den Betrieb und die Pflege des technischen Systems entstehen den Verbundpartnern, die eine eigene ViFa oder ein vergleichbares Angebot betreiben, nur geringe Kosten. Sie betragen pro Verbundpartner eine monatliche Grundverg\u00fctung der Verg\u00fctungsgruppe IVa BAT (1. Lebensalterstufe). Pro ViFa werden nicht mehr als zwei Beitr\u00e4ge in Rechnung gestellt. F\u00fcr die Kooperationspartner der jeweiligen ViFa entstehen keine weiteren Kosten.<\/li>\n<\/ul>\n<h3>Vorteile f\u00fcr Ihre Nutzerinnen und Nutzer<\/h3>\n<p>Aber auch Ihre Nutzerinnen und Nutzer profitieren von einer Teilnahme an Academic LinkShare, denn durch die Kooperation werden ihnen umfangreiche und gut gepflegte fachspezifische Verzeichnisse von Internetquellen pr\u00e4sentiert.<\/p>\n<ul>\n<li>Der Umfang der einzelnen Fachinformationsf\u00fchrer wird durch die Zusammenarbeit in Academic LinkShare zunehmen. Da selbst die Identifikation relevanter Quellen im Internet einen hohen Aufwand bedeutet, ist die Mitnutzung der Datens\u00e4tze, die von anderen in das LinkShare System eingebracht wurden, ein gro\u00dfer Gewinn.<\/li>\n<li>Auch in Bezug auf die Aktualit\u00e4t der Fachinformationsf\u00fchrer profitieren Ihre Nutzerinnen und Nutzer von der Kooperation, da sich die Partner die Pflege der Metadaten teilen. Auf diese Weise kann eine gr\u00f6\u00dfere Anzahl von Metadaten regelm\u00e4\u00dfig auf ihre Qualit\u00e4t und ihre Korrektheit hin \u00fcberpr\u00fcft werden, als dies jeder einzelnen Einrichtung allein m\u00f6glich w\u00e4re.<\/li>\n<li>Da es das LinkShare System erlaubt, fachliche Erschlie\u00dfungsinformationen f\u00fcr jedes einzelne Fachgebiet separat aus der Datenbank zu ziehen, k\u00f6nnen Sie Ihren Nutzerinnen und Nutzern passgenau die Informationen pr\u00e4sentieren, die in Ihrem fachlichen Kontext relevant sind.<\/li>\n<\/ul>\n<h3>Wir lassen Sie nicht allein<\/h3>\n<p>Alle Verbundpartner stehen in einem regelm\u00e4\u00dfigen Dialog. Wir treffen uns mindestens zwei mal j\u00e4hrlich. Ferner gibt es tempor\u00e4re Arbeitsgruppen zur Erarbeitung von Konzepten. Au\u00dferdem stehen Ihnen folgende Hilfs- und Kommunikationsmittel zur Verf\u00fcgung:<\/p>\n<ul>\n<li>das \u201eHandbuch f\u00fcr Bearbeiterinnen und Bearbeiter\u201c mit dem gesamten Regelwerk (deutsch\/englisch)<\/li>\n<li>ein Intranet<\/li>\n<li>Mailinglisten zum regelm\u00e4\u00dfigen Austausch<\/li>\n<li>Fortbildungsveranstaltungen: Bei Bedarf f\u00fchren wir Workshops durch, in denen wir Sie bzw. Ihre Kooperationspartner in die \u201ekooperative Erschlie\u00dfung von Internetquellen mit Academic LinkShare\u201c einf\u00fchren.<\/li>\n<\/ul>\n<h3>Sprechen Sie uns an<\/h3>\n<p>Wenn Sie Interesse an weiteren Informationen haben bzw. sich eine Kooperation mit Academic LinkShare oder einer der beteiligten Virtuellen Fachbibliotheken vorstellen k\u00f6nnen, <a title=\"Kontakt\" href=\"https:\/\/blogs.sub.uni-hamburg.de\/academic-linkshare\/?page_id=43\" target=\"_blank\">kontaktieren<\/a> Sie uns bitte.<\/p>\n","protected":false},"excerpt":{"rendered":"<p>Mit Academic LinkShare kooperieren Warum ein eigenes technisches System neu entwickeln? Der Verbund Academic LinkShare bietet allen Interessenten aus dem sozial- und geisteswissenschaftlichen Umfeld die M\u00f6glichkeit, dem Verbund beizutreten und die technische und organisatorische Infrastruktur f\u00fcr den Aufbau und den<span class=\"ellipsis\">&hellip;<\/span><\/p>\n<div class=\"read-more\"><a href=\"https:\/\/blogs.sub.uni-hamburg.de\/academic-linkshare\/kooperieren\/\">Read more &#8250;<\/a><\/div>\n<p><!-- end of .read-more --><\/p>\n","protected":false},"author":1,"featured_media":0,"parent":0,"menu_order":0,"comment_status":"closed","ping_status":"closed","template":"","meta":{"footnotes":"","_links_to":"","_links_to_target":""},"class_list":["post-304","page","type-page","status-publish","hentry"],"_links":{"self":[{"href":"https:\/\/blogs.sub.uni-hamburg.de\/academic-linkshare\/wp-json\/wp\/v2\/pages\/304","targetHints":{"allow":["GET"]}}],"collection":[{"href":"https:\/\/blogs.sub.uni-hamburg.de\/academic-linkshare\/wp-json\/wp\/v2\/pages"}],"about":[{"href":"https:\/\/blogs.sub.uni-hamburg.de\/academic-linkshare\/wp-json\/wp\/v2\/types\/page"}],"author":[{"embeddable":true,"href":"https:\/\/blogs.sub.uni-hamburg.de\/academic-linkshare\/wp-json\/wp\/v2\/users\/1"}],"replies":[{"embeddable":true,"href":"https:\/\/blogs.sub.uni-hamburg.de\/academic-linkshare\/wp-json\/wp\/v2\/comments?post=304"}],"version-history":[{"count":6,"href":"https:\/\/blogs.sub.uni-hamburg.de\/academic-linkshare\/wp-json\/wp\/v2\/pages\/304\/revisions"}],"predecessor-version":[{"id":417,"href":"https:\/\/blogs.sub.uni-hamburg.de\/academic-linkshare\/wp-json\/wp\/v2\/pages\/304\/revisions\/417"}],"wp:attachment":[{"href":"https:\/\/blogs.sub.uni-hamburg.de\/academic-linkshare\/wp-json\/wp\/v2\/media?parent=304"}],"curies":[{"name":"wp","href":"https:\/\/api.w.org\/{rel}","templated":true}]}}