{"id":27,"date":"2013-08-29T14:53:20","date_gmt":"2013-08-29T14:53:20","guid":{"rendered":"http:\/\/blogs.sub.uni-hamburg.de\/academic-linkshare\/?page_id=27"},"modified":"2014-05-20T06:59:14","modified_gmt":"2014-05-20T06:59:14","slug":"cst","status":"publish","type":"page","link":"https:\/\/blogs.sub.uni-hamburg.de\/academic-linkshare\/metadata-sharing\/cst\/","title":{"rendered":"Content Syndication"},"content":{"rendered":"<p>Mittels des Content Syndication Tools (CST) ist es Mitgliedern von ALS und deren Kooperationspartnern m\u00f6glich, \u00fcber Suchkriterien fachliche Aussschnitte aus ihren Best\u00e4nden dynamisch in andere Webseiten einzubinden.<\/p>\n<p>&nbsp;<\/p>\n<p>Grenzen Sie den Suchraum nach verschiedenen Kriterien ein um eine Auswahl der in ALS erfassten Links zu definieren. Sie k\u00f6nnen die einzelnen Suchkriterien mit logischen Operatoren verkn\u00fcpfen und haben die M\u00f6glichkeit weitere neue Suchfelder hinzuzuf\u00fcgen. Starten Sie die Abfrage mit einem Klick auf \u00a0&#8220;Selektion ausf\u00fchren&#8221;.<\/p>\n<p><a href=\"https:\/\/blogs.sub.uni-hamburg.de\/academic-linkshare\/wp-content\/uploads\/2013\/09\/Suchraum_eingrenzen-Kopie.png\"><img loading=\"lazy\" decoding=\"async\" class=\"alignnone size-full wp-image-178\" style=\"border: 2px solid #cccccc;\" alt=\"Suchraum_eingrenzen\" src=\"https:\/\/blogs.sub.uni-hamburg.de\/academic-linkshare\/wp-content\/uploads\/2013\/09\/Suchraum_eingrenzen-Kopie.png\" width=\"1000\" height=\"263\" srcset=\"https:\/\/blogs.sub.uni-hamburg.de\/academic-linkshare\/wp-content\/uploads\/2013\/09\/Suchraum_eingrenzen-Kopie.png 1000w, https:\/\/blogs.sub.uni-hamburg.de\/academic-linkshare\/wp-content\/uploads\/2013\/09\/Suchraum_eingrenzen-Kopie-300x78.png 300w\" sizes=\"auto, (max-width: 1000px) 100vw, 1000px\" \/><\/a><\/p>\n<p>F\u00fcr die Recherche innerhalb der angezeigten Links k\u00f6nnen verschiedene Suchm\u00f6glichkeiten ausgew\u00e4hlt werden.<\/p>\n<p><a href=\"https:\/\/blogs.sub.uni-hamburg.de\/academic-linkshare\/wp-content\/uploads\/2013\/09\/Suchm\u00f6glichkeiten-w\u00e4hlen.png\"><img loading=\"lazy\" decoding=\"async\" class=\"alignnone size-full wp-image-196\" style=\"border: 2px solid #cccccc;\" alt=\"Suchm\u00f6glichkeiten w\u00e4hlen\" src=\"https:\/\/blogs.sub.uni-hamburg.de\/academic-linkshare\/wp-content\/uploads\/2013\/09\/Suchm\u00f6glichkeiten-w\u00e4hlen.png\" width=\"920\" height=\"200\" srcset=\"https:\/\/blogs.sub.uni-hamburg.de\/academic-linkshare\/wp-content\/uploads\/2013\/09\/Suchm\u00f6glichkeiten-w\u00e4hlen.png 920w, https:\/\/blogs.sub.uni-hamburg.de\/academic-linkshare\/wp-content\/uploads\/2013\/09\/Suchm\u00f6glichkeiten-w\u00e4hlen-300x65.png 300w\" sizes=\"auto, (max-width: 920px) 100vw, 920px\" \/><\/a><\/p>\n<p>Unter dem Punkt &#8220;Trefferdarstellung definieren&#8221; haben Sie verschiedene Optionen die Darstellung der selektierten Links individuell zu gestalten. Beispielsweise k\u00f6nnen Sie Einfluss auf die Sortierung der Trefferlisten nehmen und definieren welche Felder angezeigt werden sollen.<\/p>\n<p><a href=\"https:\/\/blogs.sub.uni-hamburg.de\/academic-linkshare\/wp-content\/uploads\/2013\/09\/capture_09252013_134255.jpg\"><img loading=\"lazy\" decoding=\"async\" class=\"alignnone size-full wp-image-191\" style=\"border: 2px solid #cccccc;\" alt=\"Trefferdarstellung definieren\" src=\"https:\/\/blogs.sub.uni-hamburg.de\/academic-linkshare\/wp-content\/uploads\/2013\/09\/capture_09252013_134255.jpg\" width=\"920\" height=\"527\" srcset=\"https:\/\/blogs.sub.uni-hamburg.de\/academic-linkshare\/wp-content\/uploads\/2013\/09\/capture_09252013_134255.jpg 920w, https:\/\/blogs.sub.uni-hamburg.de\/academic-linkshare\/wp-content\/uploads\/2013\/09\/capture_09252013_134255-300x171.jpg 300w\" sizes=\"auto, (max-width: 920px) 100vw, 920px\" \/><\/a><\/p>\n<p>Nachdem Sie den Suchraum eingegrenzt, die Suchm\u00f6glichkeiten ausgew\u00e4hlt und die Darstellungsoptionen definiert haben k\u00f6nnen Sie ein Skript erstellen und speichern, indem Sie auf \u201eSkript generieren\u201c klicken. F\u00fcr den Fall, dass Sie ein vorhandenes Skript \u00fcberschreiben m\u00f6chten setzen Sie bitte den entsprechenden Haken.<\/p>\n<p><a href=\"https:\/\/blogs.sub.uni-hamburg.de\/academic-linkshare\/wp-content\/uploads\/2013\/09\/Skript-generieren.png\"><img loading=\"lazy\" decoding=\"async\" class=\"alignnone size-full wp-image-203\" style=\"border: 2px solid #cccccc;\" alt=\"Skript generieren\" src=\"https:\/\/blogs.sub.uni-hamburg.de\/academic-linkshare\/wp-content\/uploads\/2013\/09\/Skript-generieren.png\" width=\"920\" height=\"30\" srcset=\"https:\/\/blogs.sub.uni-hamburg.de\/academic-linkshare\/wp-content\/uploads\/2013\/09\/Skript-generieren.png 920w, https:\/\/blogs.sub.uni-hamburg.de\/academic-linkshare\/wp-content\/uploads\/2013\/09\/Skript-generieren-300x9.png 300w\" sizes=\"auto, (max-width: 920px) 100vw, 920px\" \/><\/a><\/p>\n<p>Wenn das Skript erfolgreich generiert wurde, erscheint folgende Textbox:<\/p>\n<p><a href=\"https:\/\/blogs.sub.uni-hamburg.de\/academic-linkshare\/wp-content\/uploads\/2013\/09\/Skript.png\"><img loading=\"lazy\" decoding=\"async\" class=\"alignnone size-full wp-image-206\" style=\"border: 2px solid #cccccc;\" alt=\"Skript\" src=\"https:\/\/blogs.sub.uni-hamburg.de\/academic-linkshare\/wp-content\/uploads\/2013\/09\/Skript.png\" width=\"920\" height=\"227\" srcset=\"https:\/\/blogs.sub.uni-hamburg.de\/academic-linkshare\/wp-content\/uploads\/2013\/09\/Skript.png 921w, https:\/\/blogs.sub.uni-hamburg.de\/academic-linkshare\/wp-content\/uploads\/2013\/09\/Skript-300x73.png 300w\" sizes=\"auto, (max-width: 920px) 100vw, 920px\" \/><\/a><\/p>\n<p>Kopieren Sie bitte den Text aus der Box und f\u00fcgen Sie diesen in den Body-Bereich der gew\u00fcnschten HTML-Seite ein:<\/p>\n<p><a href=\"https:\/\/blogs.sub.uni-hamburg.de\/academic-linkshare\/wp-content\/uploads\/2013\/09\/HTML-Beispiel.png\"><img loading=\"lazy\" decoding=\"async\" class=\"alignnone size-full wp-image-212\" style=\"border: 2px solid #cccccc;\" alt=\"\" src=\"https:\/\/blogs.sub.uni-hamburg.de\/academic-linkshare\/wp-content\/uploads\/2013\/09\/HTML-Beispiel.png\" width=\"920\" height=\"300\" \/><\/a><\/p>\n<p>Nun sollte die zuvor definierte Auswahl der ALS-Links auf Ihrer Website erscheinen. Die Darstellung der Links ist zu diesem Zeitpunkt bewusst einfach gehalten, damit Sie die M\u00f6glichkeit haben diese mit CSS an das Design Ihrer Webseite anzupassen.<\/p>\n","protected":false},"excerpt":{"rendered":"<p>Mittels des Content Syndication Tools (CST) ist es Mitgliedern von ALS und deren Kooperationspartnern m\u00f6glich, \u00fcber Suchkriterien fachliche Aussschnitte aus ihren Best\u00e4nden dynamisch in andere Webseiten einzubinden. &nbsp; Grenzen Sie den Suchraum nach verschiedenen Kriterien ein um eine Auswahl der<span class=\"ellipsis\">&hellip;<\/span><\/p>\n<div class=\"read-more\"><a href=\"https:\/\/blogs.sub.uni-hamburg.de\/academic-linkshare\/metadata-sharing\/cst\/\">Read more &#8250;<\/a><\/div>\n<p><!-- end of .read-more --><\/p>\n","protected":false},"author":1,"featured_media":0,"parent":21,"menu_order":2,"comment_status":"open","ping_status":"open","template":"","meta":{"footnotes":"","_links_to":"","_links_to_target":""},"class_list":["post-27","page","type-page","status-publish","hentry"],"_links":{"self":[{"href":"https:\/\/blogs.sub.uni-hamburg.de\/academic-linkshare\/wp-json\/wp\/v2\/pages\/27","targetHints":{"allow":["GET"]}}],"collection":[{"href":"https:\/\/blogs.sub.uni-hamburg.de\/academic-linkshare\/wp-json\/wp\/v2\/pages"}],"about":[{"href":"https:\/\/blogs.sub.uni-hamburg.de\/academic-linkshare\/wp-json\/wp\/v2\/types\/page"}],"author":[{"embeddable":true,"href":"https:\/\/blogs.sub.uni-hamburg.de\/academic-linkshare\/wp-json\/wp\/v2\/users\/1"}],"replies":[{"embeddable":true,"href":"https:\/\/blogs.sub.uni-hamburg.de\/academic-linkshare\/wp-json\/wp\/v2\/comments?post=27"}],"version-history":[{"count":9,"href":"https:\/\/blogs.sub.uni-hamburg.de\/academic-linkshare\/wp-json\/wp\/v2\/pages\/27\/revisions"}],"predecessor-version":[{"id":560,"href":"https:\/\/blogs.sub.uni-hamburg.de\/academic-linkshare\/wp-json\/wp\/v2\/pages\/27\/revisions\/560"}],"up":[{"embeddable":true,"href":"https:\/\/blogs.sub.uni-hamburg.de\/academic-linkshare\/wp-json\/wp\/v2\/pages\/21"}],"wp:attachment":[{"href":"https:\/\/blogs.sub.uni-hamburg.de\/academic-linkshare\/wp-json\/wp\/v2\/media?parent=27"}],"curies":[{"name":"wp","href":"https:\/\/api.w.org\/{rel}","templated":true}]}}